{"id":28,"date":"2014-12-05T11:35:10","date_gmt":"2014-12-05T10:35:10","guid":{"rendered":"http:\/\/vsboeheimkirchen.ac.at\/?page_id=28"},"modified":"2025-05-14T08:33:56","modified_gmt":"2025-05-14T07:33:56","slug":"schulprofil","status":"publish","type":"page","link":"https:\/\/vsboeheimkirchen.ac.at\/?page_id=28","title":{"rendered":"SCHULPROFIL"},"content":{"rendered":"<p>Wir sind r\u00fccksichtsvoll und achtsam mit uns, den Mitmenschen und der Umwelt.<img loading=\"lazy\" class=\"alignright wp-image-1315 size-full\" src=\"https:\/\/vsboeheimkirchen.ac.at\/wp-content\/uploads\/2015\/01\/Jakobele-mit-Springseil-gef\u00e4rbt.png\" alt=\"Jakobele mit Springseil\" width=\"294\" height=\"425\" srcset=\"https:\/\/vsboeheimkirchen.ac.at\/wp-content\/uploads\/2015\/01\/Jakobele-mit-Springseil-gef\u00e4rbt.png 294w, https:\/\/vsboeheimkirchen.ac.at\/wp-content\/uploads\/2015\/01\/Jakobele-mit-Springseil-gef\u00e4rbt-207x300.png 207w\" sizes=\"(max-width: 294px) 100vw, 294px\" \/><\/p>\n<p>Unser Bildungsziel ist es, den Kindern grundlegende Kompetenzen zu vermitteln und sie f\u00fcr das Lernen zu begeistern.<\/p>\n<p>Besonderen Wert legen wir auf Methodenvielfalt, um die Kinder in ihrer ganzheitlichen Pers\u00f6nlichkeit zu f\u00f6rdern und ihnen Erfolgserlebnisse zu erm\u00f6glichen. Wir leben in dem Bewusstsein, dass f\u00fcr ihre zuk\u00fcnftigen Herausforderungen sowohl kognitive als auch musisch-kreative F\u00e4higkeiten wesentlich und wichtig sind.<\/p>\n<p>Wir sind eine Schule, in der die jeweiligen F\u00e4higkeiten und Talente der einzelnen Lehrer*Innen zum Wohl der Kinder eingesetzt werden. Regelm\u00e4\u00dfige Weiterbildung ist f\u00fcr uns selbstverst\u00e4ndlich.<\/p>\n<p>Als gesunde Volksschule legen wir Wert auf Nachhaltigkeit, Bewegung und gesunde Ern\u00e4hrung.<\/p>\n<p>Soziales Lernen ist uns wichtig. Wir bem\u00fchen uns um gewaltfreie Kommunikation, die ein respektvolles und h\u00f6fliches Miteinander erm\u00f6glicht.<\/p>\n<p>Zur F\u00f6rderung der Schulgemeinschaft arbeiten Lehrer*Innen, Sch\u00fcler*Innen und Erziehungsberechtigte in wesentlichen Fragen des Unterrichts, der Erziehung und in organisatorischen Belangen zusammen.<\/p>\n<p>Unserer Schule ist die Kooperation mit der Musikschule (KLANGREGION B\u00f6heimkirchen), den Sportvereinen und den anderen Bildungseinrichtungen des Ortes wichtig.<\/p>\n","protected":false},"excerpt":{"rendered":"<p>Wir sind r\u00fccksichtsvoll und achtsam mit uns, den Mitmenschen und der Umwelt. Unser Bildungsziel ist es, den Kindern grundlegende Kompetenzen zu vermitteln und sie f\u00fcr das Lernen zu begeistern. Besonderen Wert legen wir auf Methodenvielfalt, um die Kinder in ihrer ganzheitlichen Pers\u00f6nlichkeit zu f\u00f6rdern und ihnen Erfolgserlebnisse zu erm\u00f6glichen. Wir leben in dem Bewusstsein, dass [&hellip;]<\/p>\n","protected":false},"author":1,"featured_media":0,"parent":9,"menu_order":0,"comment_status":"closed","ping_status":"closed","template":"","meta":{"two_page_speed":[]},"_links":{"self":[{"href":"https:\/\/vsboeheimkirchen.ac.at\/index.php?rest_route=\/wp\/v2\/pages\/28"}],"collection":[{"href":"https:\/\/vsboeheimkirchen.ac.at\/index.php?rest_route=\/wp\/v2\/pages"}],"about":[{"href":"https:\/\/vsboeheimkirchen.ac.at\/index.php?rest_route=\/wp\/v2\/types\/page"}],"author":[{"embeddable":true,"href":"https:\/\/vsboeheimkirchen.ac.at\/index.php?rest_route=\/wp\/v2\/users\/1"}],"replies":[{"embeddable":true,"href":"https:\/\/vsboeheimkirchen.ac.at\/index.php?rest_route=%2Fwp%2Fv2%2Fcomments&post=28"}],"version-history":[{"count":19,"href":"https:\/\/vsboeheimkirchen.ac.at\/index.php?rest_route=\/wp\/v2\/pages\/28\/revisions"}],"predecessor-version":[{"id":5960,"href":"https:\/\/vsboeheimkirchen.ac.at\/index.php?rest_route=\/wp\/v2\/pages\/28\/revisions\/5960"}],"up":[{"embeddable":true,"href":"https:\/\/vsboeheimkirchen.ac.at\/index.php?rest_route=\/wp\/v2\/pages\/9"}],"wp:attachment":[{"href":"https:\/\/vsboeheimkirchen.ac.at\/index.php?rest_route=%2Fwp%2Fv2%2Fmedia&parent=28"}],"curies":[{"name":"wp","href":"https:\/\/api.w.org\/{rel}","templated":true}]}}