{"id":34,"date":"2014-12-05T11:35:59","date_gmt":"2014-12-05T10:35:59","guid":{"rendered":"http:\/\/vsboeheimkirchen.ac.at\/?page_id=34"},"modified":"2026-01-20T13:26:38","modified_gmt":"2026-01-20T12:26:38","slug":"integration","status":"publish","type":"page","link":"https:\/\/vsboeheimkirchen.ac.at\/?page_id=34","title":{"rendered":"RELIGIONSUNTERRICHT"},"content":{"rendered":"\n<p>Im Schuljahr 25\/26 wird an unserer Schule folgender Religionsunterricht angeboten:<br><strong>R\u00d6MISCH &#8211; KATHOLISCH<\/strong> (2 Unterrichtseinheiten \/ Woche je Klasse) <br><strong>ISLAMISCH &#8211; IGG\u00d6<\/strong> (1 Unterrichtseinheit \/ Woche in zwei Gruppen)<br>Die ANMELDUNG f\u00fcr Religion als FREIGEGENSTAND finden Sie im Downloadbereich ( dies ist nur in der 1. Schulwoche m\u00f6glich und f\u00fcr ein Schuljahr bindend ) <br>F\u00fcr weitere Informationen klicke mich an!<br><\/p>\n\n\n\n<p><\/p>\n\n\n\n<p><\/p>\n\n\n\n<p><\/p>\n\n\n<div class=\"wp-block-image\">\n<figure class=\"aligncenter size-full is-resized\"><a href=\"https:\/\/vsboeheimkirchen.ac.at\/wp-content\/uploads\/2022\/08\/Informationen-zum-Religionsunterricht.pdf\" target=\"_blank\" rel=\"noreferrer noopener\"><img loading=\"lazy\" src=\"https:\/\/vsboeheimkirchen.ac.at\/wp-content\/uploads\/2022\/08\/jakobele-mit-Pinsel-gefaerbt-1.png\" alt=\"\" class=\"wp-image-3917\" width=\"177\" height=\"274\" srcset=\"https:\/\/vsboeheimkirchen.ac.at\/wp-content\/uploads\/2022\/08\/jakobele-mit-Pinsel-gefaerbt-1.png 275w, https:\/\/vsboeheimkirchen.ac.at\/wp-content\/uploads\/2022\/08\/jakobele-mit-Pinsel-gefaerbt-1-194x300.png 194w\" sizes=\"(max-width: 177px) 100vw, 177px\" \/><\/a><\/figure><\/div>","protected":false},"excerpt":{"rendered":"<p>Im Schuljahr 25\/26 wird an unserer Schule folgender Religionsunterricht angeboten:R\u00d6MISCH &#8211; KATHOLISCH (2 Unterrichtseinheiten \/ Woche je Klasse) ISLAMISCH &#8211; IGG\u00d6 (1 Unterrichtseinheit \/ Woche in zwei Gruppen)Die ANMELDUNG f\u00fcr Religion als FREIGEGENSTAND finden Sie im Downloadbereich ( dies ist nur in der 1. Schulwoche m\u00f6glich und f\u00fcr ein Schuljahr bindend ) F\u00fcr weitere Informationen [&hellip;]<\/p>\n","protected":false},"author":1,"featured_media":0,"parent":9,"menu_order":5,"comment_status":"closed","ping_status":"closed","template":"","meta":{"two_page_speed":[]},"_links":{"self":[{"href":"https:\/\/vsboeheimkirchen.ac.at\/index.php?rest_route=\/wp\/v2\/pages\/34"}],"collection":[{"href":"https:\/\/vsboeheimkirchen.ac.at\/index.php?rest_route=\/wp\/v2\/pages"}],"about":[{"href":"https:\/\/vsboeheimkirchen.ac.at\/index.php?rest_route=\/wp\/v2\/types\/page"}],"author":[{"embeddable":true,"href":"https:\/\/vsboeheimkirchen.ac.at\/index.php?rest_route=\/wp\/v2\/users\/1"}],"replies":[{"embeddable":true,"href":"https:\/\/vsboeheimkirchen.ac.at\/index.php?rest_route=%2Fwp%2Fv2%2Fcomments&post=34"}],"version-history":[{"count":33,"href":"https:\/\/vsboeheimkirchen.ac.at\/index.php?rest_route=\/wp\/v2\/pages\/34\/revisions"}],"predecessor-version":[{"id":6063,"href":"https:\/\/vsboeheimkirchen.ac.at\/index.php?rest_route=\/wp\/v2\/pages\/34\/revisions\/6063"}],"up":[{"embeddable":true,"href":"https:\/\/vsboeheimkirchen.ac.at\/index.php?rest_route=\/wp\/v2\/pages\/9"}],"wp:attachment":[{"href":"https:\/\/vsboeheimkirchen.ac.at\/index.php?rest_route=%2Fwp%2Fv2%2Fmedia&parent=34"}],"curies":[{"name":"wp","href":"https:\/\/api.w.org\/{rel}","templated":true}]}}