{"id":3786,"date":"2022-08-26T12:52:01","date_gmt":"2022-08-26T11:52:01","guid":{"rendered":"http:\/\/vsboeheimkirchen.ac.at\/?page_id=3786"},"modified":"2026-01-20T14:23:13","modified_gmt":"2026-01-20T13:23:13","slug":"englisch","status":"publish","type":"page","link":"https:\/\/vsboeheimkirchen.ac.at\/?page_id=3786","title":{"rendered":"U\u00dc-ENGLISCH"},"content":{"rendered":"<div class=\"wp-block-image\">\n<figure class=\"alignright size-large is-resized\"><a href=\"https:\/\/vsboeheimkirchen.ac.at\/wp-content\/uploads\/2022\/10\/Englisch.jpg\"><img loading=\"lazy\" src=\"https:\/\/vsboeheimkirchen.ac.at\/wp-content\/uploads\/2022\/10\/Englisch-1024x521.jpg\" alt=\"\" class=\"wp-image-4182\" width=\"430\" height=\"219\" srcset=\"https:\/\/vsboeheimkirchen.ac.at\/wp-content\/uploads\/2022\/10\/Englisch-1024x521.jpg 1024w, https:\/\/vsboeheimkirchen.ac.at\/wp-content\/uploads\/2022\/10\/Englisch-300x153.jpg 300w, https:\/\/vsboeheimkirchen.ac.at\/wp-content\/uploads\/2022\/10\/Englisch-768x391.jpg 768w, https:\/\/vsboeheimkirchen.ac.at\/wp-content\/uploads\/2022\/10\/Englisch-624x317.jpg 624w, https:\/\/vsboeheimkirchen.ac.at\/wp-content\/uploads\/2022\/10\/Englisch.jpg 1180w\" sizes=\"(max-width: 430px) 100vw, 430px\" \/><\/a><\/figure><\/div>\n\n\n<p>Die unverbindliche \u00dcbung Englisch f\u00fcr die 4. Klassen verstehen wir in erster Linie als Sprache und Kommunikationsmittel, mehr denn als Unterrichtsgegenstand und als optimale Vorbereitung auf die Mittelschule und das Gymnasium.<\/p>\n\n\n\n<p><strong>Fremde Sprachen<\/strong> weiten den Blick \u00fcber das bekannte Umfeld hinaus und sie vermitteln Einblick in das Leben und die Kulturen anderer V\u00f6lker.&nbsp;<\/p>\n\n\n\n<p><strong>Das Lernen von fremden Sprachen<\/strong> im fr\u00fchen Kindesalter kann also nur von Themen ausgehen, die sich in erster Linie an der Lebenswirklichkeit der Kinder orientieren (<em>family and friends, numbers and colours, my body, \u2026<\/em>). Das H\u00f6rverst\u00e4ndnis steht hier im Vordergrund. Zudem ist das Prinzip der Wiederholungen sehr wichtig. Das hei\u00dft, wenn wir \u00f6fter zu denselben Themen arbeiten, dient dies zur Vertiefung, um langsam, Schritt f\u00fcr Schritt vom passiven zum aktiven Sprachgebrauch zu gelangen.<\/p>\n\n\n\n<p>Dieses Lernen findet statt in der Arbeit mit Kinderb\u00fcchern, mit Liedern, bei Spielen und vor allem im Sprechen in der Partnerarbeit oder in Kleingruppen!<\/p>\n\n\n\n<p>Unsere Sch\u00fclerInnen sollen lernen sich vorzustellen, zu gr\u00fc\u00dfen, Auskunft zu geben und vieles mehr. Regelm\u00e4\u00dfig wird zu dem Grundwortschatz aber auch das englische Schriftbild eingef\u00fchrt und ge\u00fcbt!<\/p>\n","protected":false},"excerpt":{"rendered":"<p>Die unverbindliche \u00dcbung Englisch f\u00fcr die 4. Klassen verstehen wir in erster Linie als Sprache und Kommunikationsmittel, mehr denn als Unterrichtsgegenstand und als optimale Vorbereitung auf die Mittelschule und das Gymnasium. Fremde Sprachen weiten den Blick \u00fcber das bekannte Umfeld hinaus und sie vermitteln Einblick in das Leben und die Kulturen anderer V\u00f6lker.&nbsp; Das Lernen [&hellip;]<\/p>\n","protected":false},"author":1,"featured_media":0,"parent":0,"menu_order":0,"comment_status":"closed","ping_status":"closed","template":"","meta":{"two_page_speed":[]},"_links":{"self":[{"href":"https:\/\/vsboeheimkirchen.ac.at\/index.php?rest_route=\/wp\/v2\/pages\/3786"}],"collection":[{"href":"https:\/\/vsboeheimkirchen.ac.at\/index.php?rest_route=\/wp\/v2\/pages"}],"about":[{"href":"https:\/\/vsboeheimkirchen.ac.at\/index.php?rest_route=\/wp\/v2\/types\/page"}],"author":[{"embeddable":true,"href":"https:\/\/vsboeheimkirchen.ac.at\/index.php?rest_route=\/wp\/v2\/users\/1"}],"replies":[{"embeddable":true,"href":"https:\/\/vsboeheimkirchen.ac.at\/index.php?rest_route=%2Fwp%2Fv2%2Fcomments&post=3786"}],"version-history":[{"count":7,"href":"https:\/\/vsboeheimkirchen.ac.at\/index.php?rest_route=\/wp\/v2\/pages\/3786\/revisions"}],"predecessor-version":[{"id":6086,"href":"https:\/\/vsboeheimkirchen.ac.at\/index.php?rest_route=\/wp\/v2\/pages\/3786\/revisions\/6086"}],"wp:attachment":[{"href":"https:\/\/vsboeheimkirchen.ac.at\/index.php?rest_route=%2Fwp%2Fv2%2Fmedia&parent=3786"}],"curies":[{"name":"wp","href":"https:\/\/api.w.org\/{rel}","templated":true}]}}