{"id":3789,"date":"2022-08-26T12:52:01","date_gmt":"2022-08-26T11:52:01","guid":{"rendered":"http:\/\/vsboeheimkirchen.ac.at\/?page_id=3789"},"modified":"2023-09-17T12:44:20","modified_gmt":"2023-09-17T11:44:20","slug":"sprachfoerderung","status":"publish","type":"page","link":"https:\/\/vsboeheimkirchen.ac.at\/?page_id=3789","title":{"rendered":"SPRACHF\u00d6RDERUNG"},"content":{"rendered":"\n<p><strong>Deutschf\u00f6rderklasse &#8211; DfKl   &amp; &nbsp; Deutschf\u00f6rderkurs &#8211; DfKu<\/strong><br>Sch\u00fclerinnen und Sch\u00fcler, die dem Unterricht auf Grund unzureichender Sprachkenntnisse nicht folgen k\u00f6nnen, werden im Sinne der Chancengerechtigkeit und f\u00fcr deren bessere Eingliederung in den Klassenverband seit dem Schuljahr 2018\/19 in eigenen Deutschf\u00f6rderklassen oder in unterrichtsparallelen Deutschf\u00f6rderkursen unterrichtet.<\/p>\n\n\n\n<p>Ziel des Deutschf\u00f6rdermodells f\u00fcr au\u00dferordentliche Sch\u00fcler\/innen ist das fr\u00fchzeitige und intensive&nbsp;<strong>Erlernen der Unterrichtssprache Deutsch<\/strong>, damit diese Sch\u00fcler\/innen m\u00f6glichst rasch nach dem Lehrplan der betreffenden Schulart und Schulstufe gemeinsam im Klassenverband unterrichtet werden k\u00f6nnen.<\/p>\n\n\n\n<p><strong>Zuteilung zur Deutschf\u00f6rderklasse beziehungsweise zum Deutschf\u00f6rderkurs<\/strong><br>Die Zuteilung zu einer Deutschf\u00f6rderklasse beziehungsweise zu einem Deutschf\u00f6rderkurs erfolgt auf Basis von&nbsp;<a href=\"https:\/\/www.bmbwf.gv.at\/Themen\/schule\/schulpraxis\/ba\/sprabi\/mika_d.html\">MIKA-D<\/a>&nbsp;(<strong>Messinstrument zur Kompetenzanalyse \u2013 Deutsch<\/strong>), einem \u00f6sterreichweit einheitlichen, standardisierten Testverfahren. Die Testung findet im Rahmen der Schuleinschreibung statt. Dabei wird festgestellt ob der\/die Sch\u00fcler\/in einen&nbsp;<strong>au\u00dferordentlichen Status<\/strong>&nbsp;erh\u00e4lt und ob aufgrund&nbsp;<strong>mangelhafter Deutschkenntnisse<\/strong>&nbsp;eine Zuteilung zu einem Deutschf\u00f6rderkurs oder aufgrund&nbsp;<strong>ungen\u00fcgender Deutschkenntnisse<\/strong>&nbsp;eine Zuteilung zu einer Deutschf\u00f6rderklasse erfolgt.<\/p>\n\n\n\n<p>Weitere&nbsp;<strong>\u00dcberpr\u00fcfunge<\/strong>n von au\u00dferordentlich eingestuften Sch\u00fclerinnen und Sch\u00fclern mit&nbsp;MIKA-D&nbsp;erfolgen dann&nbsp;<strong>jeweils zu Semesterende<\/strong>. Dabei wird festgestellt, welche Form der Deutschf\u00f6rderung der\/die Sch\u00fcler\/in im folgenden Semester ben\u00f6tigt. Daher ist nach dem Wintersemester, abh\u00e4ngig vom&nbsp;MIKA-D-Testergebnis, ein Umstieg in den Regelunterricht mit Deutschf\u00f6rderkurs oder bereits als ordentliche\/r Sch\u00fcler\/in m\u00f6glich. Schulstufenwiederholungen und damit verbundene Laufbahnverluste sollen so weit als m\u00f6glich vermieden werden.<\/p>\n\n\n\n<p><a rel=\"noreferrer noopener\" href=\"https:\/\/www.iqs.gv.at\/themen\/nationales-monitoring\/mika-d\" target=\"_blank\">Weitere Informationen zu&nbsp;MIKA-D<\/a><br>Die Deutschf\u00f6rderklasse und der Deutschf\u00f6rderkurs sind in der Regel auf&nbsp;<strong>ein Semester<\/strong>&nbsp;ausgelegt und k\u00f6nnen&nbsp;<strong>maximal vier Semester<\/strong>&nbsp;lang besucht werden. Anschlie\u00dfend muss der\/die Sch\u00fcler\/in in den ordentlichen Status \u00fcbergef\u00fchrt werden.<br>Zur Gr\u00fcndung einer DFKL\/ DFKU- Gruppe ben\u00f6tigt man prinzipiell 8 &#8211; 15 Sch\u00fclerInnen. Liegt die Zahl darunter, wird die F\u00f6rderung integrativ durchgef\u00fchrt, also ohne der Bildung einer eigenen Gruppe.<\/p>\n\n\n\n<p>Das Ausma\u00df der Stunden einer DFKL\/ DFKU liegt bei max.15 WST<\/p>\n\n\n\n<p><strong>DaZ  &#8211; Deutsch als Zweitsprache <\/strong><\/p>\n\n\n\n<div class=\"wp-container-1 wp-block-group\"><div class=\"wp-block-group__inner-container\"><div class=\"wp-block-image\">\n<figure class=\"alignleft size-full is-resized\"><a href=\"https:\/\/vsboeheimkirchen.ac.at\/wp-content\/uploads\/2022\/10\/DAZ-1.jpg\"><img loading=\"lazy\" src=\"https:\/\/vsboeheimkirchen.ac.at\/wp-content\/uploads\/2022\/10\/DAZ-1.jpg\" alt=\"\" class=\"wp-image-4367\" width=\"401\" height=\"267\"\/><\/a><\/figure><\/div><\/div><\/div>\n\n\n\n<p><strong>DaZ<\/strong><strong>-Sprachf\u00f6rderung&nbsp;steht allen Sch\u00fclerInnen zu, die Deutsch nicht als Herkunftssprache sprechen<\/strong> <strong>und im Regelunterricht merklich sprachlich bedingte Schwierigkeiten haben.<\/strong><\/p>\n\n\n\n<p>Die\u00a0DaZ-\u00a0F\u00f6rderung\u00a0kann sowohl in der Grundstufe I als auch in der Grundstufe II angeboten werden, wenn es Sch\u00fclerInnen gibt, die diese\u00a0F\u00f6rderung\u00a0ben\u00f6tigen.<br>Diese F\u00f6rderung ist vor allem f\u00fcr Sch\u00fclerInnen gedacht, die einen ORDENTLICHEN SCH\u00dcLERSTATUS aufweisen. <\/p>\n\n\n\n<p><\/p>\n","protected":false},"excerpt":{"rendered":"<p>Deutschf\u00f6rderklasse &#8211; DfKl &amp; &nbsp; Deutschf\u00f6rderkurs &#8211; DfKuSch\u00fclerinnen und Sch\u00fcler, die dem Unterricht auf Grund unzureichender Sprachkenntnisse nicht folgen k\u00f6nnen, werden im Sinne der Chancengerechtigkeit und f\u00fcr deren bessere Eingliederung in den Klassenverband seit dem Schuljahr 2018\/19 in eigenen Deutschf\u00f6rderklassen oder in unterrichtsparallelen Deutschf\u00f6rderkursen unterrichtet. Ziel des Deutschf\u00f6rdermodells f\u00fcr au\u00dferordentliche Sch\u00fcler\/innen ist das fr\u00fchzeitige und [&hellip;]<\/p>\n","protected":false},"author":1,"featured_media":0,"parent":0,"menu_order":0,"comment_status":"closed","ping_status":"closed","template":"","meta":{"two_page_speed":[]},"_links":{"self":[{"href":"https:\/\/vsboeheimkirchen.ac.at\/index.php?rest_route=\/wp\/v2\/pages\/3789"}],"collection":[{"href":"https:\/\/vsboeheimkirchen.ac.at\/index.php?rest_route=\/wp\/v2\/pages"}],"about":[{"href":"https:\/\/vsboeheimkirchen.ac.at\/index.php?rest_route=\/wp\/v2\/types\/page"}],"author":[{"embeddable":true,"href":"https:\/\/vsboeheimkirchen.ac.at\/index.php?rest_route=\/wp\/v2\/users\/1"}],"replies":[{"embeddable":true,"href":"https:\/\/vsboeheimkirchen.ac.at\/index.php?rest_route=%2Fwp%2Fv2%2Fcomments&post=3789"}],"version-history":[{"count":12,"href":"https:\/\/vsboeheimkirchen.ac.at\/index.php?rest_route=\/wp\/v2\/pages\/3789\/revisions"}],"predecessor-version":[{"id":5709,"href":"https:\/\/vsboeheimkirchen.ac.at\/index.php?rest_route=\/wp\/v2\/pages\/3789\/revisions\/5709"}],"wp:attachment":[{"href":"https:\/\/vsboeheimkirchen.ac.at\/index.php?rest_route=%2Fwp%2Fv2%2Fmedia&parent=3789"}],"curies":[{"name":"wp","href":"https:\/\/api.w.org\/{rel}","templated":true}]}}