{"id":3980,"date":"2022-08-26T15:23:06","date_gmt":"2022-08-26T14:23:06","guid":{"rendered":"http:\/\/vsboeheimkirchen.ac.at\/?page_id=3980"},"modified":"2022-10-04T16:01:46","modified_gmt":"2022-10-04T15:01:46","slug":"kooperationen","status":"publish","type":"page","link":"https:\/\/vsboeheimkirchen.ac.at\/?page_id=3980","title":{"rendered":"KOOPERATIONEN"},"content":{"rendered":"\n<p>Im Vordergrund stehen bedarfsorientierte Kooperationen zwischen der Volksschule  und der Musikschule sowie mit Sportvereinen zum beiderseitigen Vorteil. Die Kinder profitieren von den qualitativ hochwertigen, abwechslungsreichen Angeboten und  auch von der M\u00f6glichkeit, au\u00dferschulische Freizeitm\u00f6glichkeiten kennenzulernen. <br>Dar\u00fcber hinaus besteht f\u00fcr die Musikschule und die Sportvereine die M\u00f6glichkeit,  zuk\u00fcnftige Mitglieder zu werben.  <\/p>\n","protected":false},"excerpt":{"rendered":"<p>Im Vordergrund stehen bedarfsorientierte Kooperationen zwischen der Volksschule und der Musikschule sowie mit Sportvereinen zum beiderseitigen Vorteil. Die Kinder profitieren von den qualitativ hochwertigen, abwechslungsreichen Angeboten und auch von der M\u00f6glichkeit, au\u00dferschulische Freizeitm\u00f6glichkeiten kennenzulernen. Dar\u00fcber hinaus besteht f\u00fcr die Musikschule und die Sportvereine die M\u00f6glichkeit, zuk\u00fcnftige Mitglieder zu werben.<\/p>\n","protected":false},"author":1,"featured_media":0,"parent":0,"menu_order":0,"comment_status":"closed","ping_status":"closed","template":"","meta":{"two_page_speed":[]},"_links":{"self":[{"href":"https:\/\/vsboeheimkirchen.ac.at\/index.php?rest_route=\/wp\/v2\/pages\/3980"}],"collection":[{"href":"https:\/\/vsboeheimkirchen.ac.at\/index.php?rest_route=\/wp\/v2\/pages"}],"about":[{"href":"https:\/\/vsboeheimkirchen.ac.at\/index.php?rest_route=\/wp\/v2\/types\/page"}],"author":[{"embeddable":true,"href":"https:\/\/vsboeheimkirchen.ac.at\/index.php?rest_route=\/wp\/v2\/users\/1"}],"replies":[{"embeddable":true,"href":"https:\/\/vsboeheimkirchen.ac.at\/index.php?rest_route=%2Fwp%2Fv2%2Fcomments&post=3980"}],"version-history":[{"count":3,"href":"https:\/\/vsboeheimkirchen.ac.at\/index.php?rest_route=\/wp\/v2\/pages\/3980\/revisions"}],"predecessor-version":[{"id":4297,"href":"https:\/\/vsboeheimkirchen.ac.at\/index.php?rest_route=\/wp\/v2\/pages\/3980\/revisions\/4297"}],"wp:attachment":[{"href":"https:\/\/vsboeheimkirchen.ac.at\/index.php?rest_route=%2Fwp%2Fv2%2Fmedia&parent=3980"}],"curies":[{"name":"wp","href":"https:\/\/api.w.org\/{rel}","templated":true}]}}