{"id":5212,"date":"2022-10-17T21:54:54","date_gmt":"2022-10-17T20:54:54","guid":{"rendered":"https:\/\/vsboeheimkirchen.ac.at\/?page_id=5212"},"modified":"2025-05-09T15:52:11","modified_gmt":"2025-05-09T14:52:11","slug":"schuleinschreibung","status":"publish","type":"page","link":"https:\/\/vsboeheimkirchen.ac.at\/?page_id=5212","title":{"rendered":"SCHULEINSCHREIBUNG"},"content":{"rendered":"\n<p><a href=\"https:\/\/vsboeheimkirchen.ac.at\/wp-content\/uploads\/2022\/10\/Schuelerstammblatt-1.pdf\">Sch\u00fclerstammblatt 1<\/a><\/p>\n\n\n\n<p><a href=\"https:\/\/vsboeheimkirchen.ac.at\/wp-content\/uploads\/2022\/10\/Schuelerstammblatt-2.pdf\">Sch\u00fclerstammblatt 2<\/a><\/p>\n\n\n\n<p><a href=\"https:\/\/vsboeheimkirchen.ac.at\/wp-content\/uploads\/2022\/10\/Ansuchen-um-vorzeitige-Aufnahme.pdf\">Ansuchen um vorzeitige Aufnahme<\/a><\/p>\n\n\n\n<p><a href=\"https:\/\/vsboeheimkirchen.ac.at\/wp-content\/uploads\/2022\/10\/Formular-sprengelfremder-Schulbesuch.pdf\">Anzeige sprengelfremder Schulbesuch<\/a><\/p>\n\n\n\n<p><a href=\"https:\/\/vsboeheimkirchen.ac.at\/wp-content\/uploads\/2022\/10\/Anzeige_Teilnahme_Unterricht_Privatschule_ohne_Oeffentlichkeitsrecht_gem___11_Abs_3_SchPflG_1985.pdf\">Anzeige Privatschule ohne \u00d6ffentlichkeitsrecht<\/a><\/p>\n\n\n\n<p><a href=\"https:\/\/vsboeheimkirchen.ac.at\/wp-content\/uploads\/2022\/10\/Anzeige_Teilnahme_haeuslichen_Unterricht_gem_11_Abs_3_SchPflG_1985.pdf\">Anzeige h\u00e4uslicher Unterricht<\/a><\/p>\n","protected":false},"excerpt":{"rendered":"<p>Sch\u00fclerstammblatt 1 Sch\u00fclerstammblatt 2 Ansuchen um vorzeitige Aufnahme Anzeige sprengelfremder Schulbesuch Anzeige Privatschule ohne \u00d6ffentlichkeitsrecht Anzeige h\u00e4uslicher Unterricht<\/p>\n","protected":false},"author":1,"featured_media":0,"parent":0,"menu_order":0,"comment_status":"closed","ping_status":"closed","template":"","meta":{"two_page_speed":[]},"_links":{"self":[{"href":"https:\/\/vsboeheimkirchen.ac.at\/index.php?rest_route=\/wp\/v2\/pages\/5212"}],"collection":[{"href":"https:\/\/vsboeheimkirchen.ac.at\/index.php?rest_route=\/wp\/v2\/pages"}],"about":[{"href":"https:\/\/vsboeheimkirchen.ac.at\/index.php?rest_route=\/wp\/v2\/types\/page"}],"author":[{"embeddable":true,"href":"https:\/\/vsboeheimkirchen.ac.at\/index.php?rest_route=\/wp\/v2\/users\/1"}],"replies":[{"embeddable":true,"href":"https:\/\/vsboeheimkirchen.ac.at\/index.php?rest_route=%2Fwp%2Fv2%2Fcomments&post=5212"}],"version-history":[{"count":20,"href":"https:\/\/vsboeheimkirchen.ac.at\/index.php?rest_route=\/wp\/v2\/pages\/5212\/revisions"}],"predecessor-version":[{"id":5918,"href":"https:\/\/vsboeheimkirchen.ac.at\/index.php?rest_route=\/wp\/v2\/pages\/5212\/revisions\/5918"}],"wp:attachment":[{"href":"https:\/\/vsboeheimkirchen.ac.at\/index.php?rest_route=%2Fwp%2Fv2%2Fmedia&parent=5212"}],"curies":[{"name":"wp","href":"https:\/\/api.w.org\/{rel}","templated":true}]}}